at is y(n)?
56
Suppose 16*j = 536 - 776. Let b(l) = -l**2 - 15*l + 19. Give b(j).
19
Let k(a) be the third derivative of a**6/40 + a**5/30 + a**4/12 - a**3/6 - 120*a**2. Determine k(2).
35
Let a(s) = s**3 - 11*s**2 - 9*s + 2. Let m(f) = -f**2 - 1 - f**3 + 1897*f + 13*f**2 - 1888*f. Let j(k) = 6*a(k) + 5*m(k). What is j(7)?
-7
Let z be ((-36)/21)/((-4)/14). Suppose 0 = -4*q - z + 14. Let t(w) be the first derivative of 3*w**2 - 3*w - 2. What is t(q)?
9
Let g = 360 + -357. Let b(o) = o**2 - 4*o - 5. Give b(g).
-8
Let n(r) = r + 6. Let k be 5/((-80)/(-28)) - (-2)/8. Suppose -k*o - 3*o - 3*l = 42, 2*o = 5*l + 8. Determine n(o).
0
Let f(m) = m**3 - 8*m + 0*m**2 + 12*m - 11*m + 4*m**2 - 1. Let h(b) = 3*b + 1. Let t be h(-2). What is f(t)?
9
Let q = -8628 + 8622. Let v(j) = 3 + 2*j**2 + j + j**3 + 6*j**2 - 2*j**2. What is v(q)?
-3
Let l(s) = -7*s - 3. Let o be (-10)/2 - (-7 + 18/3). Give l(o).
25
Let g(q) be the third derivative of -1/6*q**3 + 0*q - 1/30*q**5 + 16*q**2 + 1/24*q**4 + 0 - 1/120*q**6. Determine g(-2).
-3
Let d(z) = -48*z**2 + 4*z + 72. Let h(o) = 17*o**2 - o - 25. Let m(q) = -6*d(q) - 17*h(q). Let i(f) = f**3 + 6*f**2 + 2*f + 6. Let t be i(-6). What is m(t)?
-1
Let x(w) = -w**3 + w**2 + 4*w - 3. Let j = 19 - 43. Let p = j + 27. What is x(p)?
-9
Let c(n) be the first derivative of 3*n**2/2 - 23*n - 159. Calculate c(10).
7
Let i(j) = 10361 + 10*j - 20677 - 2*j**2 + 10332. Give i(7).
-12
Let z(i) be the second derivative of i**3/6 + 3*i**2/2 - 10*i. Suppose 3*f - 3 = -3*k, -5*k = 6*f - 2*f - 9. Calculate z(f).
-1
Let f(x) = -x**2 - 4*x + 7. Let c(y) = 2*y**2 + 7*y - 13. Let i(z) = 6*c(z) + 11*f(z). Let k = 8 - 5. Suppose 0 = k*p + 4 - 16. What is i(p)?
7
Suppose 0 = 5*z - 20. Let b be 14/2 - (8 - z). Suppose b*i = 10 - 22. Let a(p) = p**3 + 4*p**2 - 3*p + 1. Calculate a(i).
13
Let x(j) be the second derivative of j**3/2 - 3*j**2 - 68*j. Suppose -3 = -6*n + 21. Give x(n).
6
Suppose -5*u - 6 = p - 16, -4*u + 4 = 0. Let w(d) = -3*d - 20*d**2 + p*d + 19*d**2. Calculate w(3).
-3
Let f be 7 + (-5)/10*6. Let g(u) = 7*u**2 - 6*u + 6. Let h(l) = 5*l**2 - 6*l + 5. Let o(p) = -2*g(p) + 3*h(p). Give o(f).
-5
Let j(z) = -z + 5. Let r = 380 - 387. Give j(r).
12
Let l(f) = f**3 + 9*f**2 - 2*f - 8. Suppose 0 = 33*q - 8*q + 225. Calculate l(q).
10
Let n(z) = -3*z - 4. Suppose 6*g - 14*g - 48 = 0. Give n(g).
14
Let s(u) be the first derivative of u**3/3 - 3*u**2 + u - 175. Let q = 14 - 8. Let w = 10 - q. Calculate s(w).
-7
Let s(n) be the third derivative of n**6/120 + n**5/5 + 5*n**4/12 + 2*n**3 + 25*n**2. Determine s(-11).
23
Let c(t) = -t**3 + 3*t**2 + 2*t - 9. Let d(z) = z**3 - 2*z**2 - z + 9. Let a(u) = -3*c(u) - 2*d(u). Let w be 2/(-5) + (-32)/(-5). Let p = w + 0. Determine a(p).
21
Let d = -21 + 15. Let r(g) = -g - 3. Let m be r(d). Let i(q) = 11*q + 2. Let p(u) = 25*u + 7. Let l(v) = -5*i(v) + 2*p(v). Determine l(m).
-11
Let h(a) = -4*a - 6. Let t be (-1 + 3)/(-2) - -6. Let v(j) = -5*j - 6. Let d(o) = t*v(o) - 6*h(o). What is d(0)?
6
Let x(y) = -y + 21. Let f be (-7 + 6)*(-14 - -1). Determine x(f).
8
Let y(f) = 4*f**2 - 2*f - 2. Suppose 3*a + 3 = -4*q, -3*a + 6*q - 4*q - 3 = 0. What is y(a)?
4
Let v(h) be the second derivative of h**3/6 + h**2/2 - 119*h. Give v(-5).
-4
Let r(b) = b**2 - 9*b - 15. Let l be r(10). Let i(n) = 2*n**2 + 7*n - 9. Let k(s) = -s**2 - 3*s + 5. Let x(z) = 3*i(z) + 5*k(z). Give x(l).
-7
Let s(x) be the third derivative of -x**4/24 + 7*x**3/6 - 271*x**2. Let o = -8 - -13. Calculate s(o).
2
Let f(r) = -12*r. Suppose 5*a + 2*y + 1 = 0, -2*a + 17*y - 21*y + 6 = 0. Give f(a).
12
Suppose -11 = -9*j + 16. Let y(a) be the first derivative of -1/2*a**2 - j + 2*a. What is y(6)?
-4
Let w(s) = 2*s - 2. Let p = -14 - -18. Let r(l) = -l + 11. Let x be r(14). Let j(k) = 3*k - 3. Let n(d) = p*w(d) + x*j(d). Calculate n(5).
-4
Let k(c) = -c**3 + 4*c**2 - 4*c - 2. Let y be k(4). Let b be (12/y)/((3/27)/1). Let r(o) = -o**2 - 7*o - 2. Determine r(b).
4
Let c = -265 - -261. Let f(z) = 3*z**3 - 5 + 6*z**2 - 4*z - 3*z**2 - 2*z**3. What is f(c)?
-5
Let c(t) = t**2 + 27. Let d = 584 + -584. Determine c(d).
27
Let c(l) = l. Let j(r) = -3*r + 1. Let m(w) = w + 1. Let p be (-4)/6*(-15)/10. Let b be m(p). Let s(x) = b*j(x) + 2*c(x). Determine s(-2).
10
Let n(y) = y**3 - 6*y**2 - y + 1. Let v = 19 - 24. Let k = v - -11. Give n(k).
-5
Let l be ((-1)/3 - -1)*9. Let x(q) = 3 - 11*q + 2*q**2 - 9 - 9*q**2 + 3*q**3. Let k(z) = z**3 - 2*z**2 - 4*z - 2. Let u(w) = 11*k(w) - 4*x(w). Calculate u(l).
2
Let d(x) be the third derivative of -4*x**2 - 1/3*x**3 + 0 + 0*x - 1/24*x**4. Give d(5).
-7
Let s(a) = -a - 5. Suppose 2*q - 5*f + 10 = 0, -2*q = q + f + 32. Let k = 3 + q. Calculate s(k).
2
Let d(x) be the third derivative of x**6/120 - x**5/6 + 11*x**4/24 - x**3 + 73*x**2 + 2. Calculate d(9).
12
Let n(m) = m - 4. Let w(v) = 4*v + 30. Let l(t) = t + 1. Let a(q) = -2*l(q) + w(q). Let d be a(-12). Calculate n(d).
0
Suppose 402*z - 401*z - 7 = 0. Let u(i) = -5 + 3 + 6 + i + 4. Give u(z).
15
Let r(o) = -4*o + 4. Let k(h) = 1. Let s(t) = -6*k(t) + r(t). Let l be (-1 - 8)*(-5)/(-15). Calculate s(l).
10
Let z(d) = 3*d**2 - 2*d + 3. Let v(p) be the second derivative of 7*p**4/12 - p**3/2 + 5*p**2/2 + 8*p. Let q(g) = 3*v(g) - 5*z(g). What is q(-1)?
5
Suppose 6*n = -4*g + 3*n + 35, g + n - 9 = 0. Let o(l) = -3*l + 16. Calculate o(g).
-8
Let p(y) = -1 + 4 - y**3 + 1 - 4 - 8 + 6*y**2. Suppose 0 = s + i - 3*i + 6, -4*s + 31 = 3*i. Let o be 26/s + (-2)/4. What is p(o)?
-8
Let s(r) = -2*r**2 - 5*r - 3. Let a be s(-3). Let o(m) = -4*m + 5*m**2 + 0*m**3 + 4 - m - 5 + m**3. Give o(a).
-7
Let r(i) = 2*i + 5. Let u be r(-4). Let h(s) be the third derivative of -s**5/20 - s**4/6 - 3*s**2 + 2. Calculate h(u).
-15
Suppose 8*f + 25 - 1 = 0. Let z be f + 12/(2/2). Let u(j) = -j**2 + 9*j - 4. Give u(z).
-4
Let c(u) be the third derivative of u**6/120 + 3*u**5/20 - u**4/8 + 3*u**3/2 + 16*u**2 + 4*u. Determine c(-9).
36
Let u(r) = -r**2 + 3*r + 274. Let i be u(18). Let d(k) = -3*k**2 + 5*k + 1. Calculate d(i).
-27
Let o be 2/((-26)/9 + 3). Suppose 0 = 5*i + l - 113, 2*i - 2*l - 12 - 26 = 0. Let a = i - o. Let b(c) = c - 3. What is b(a)?
1
Let p(h) = -6*h**2 + h**3 + 0 - 216*h + 2 + 212*h. Give p(7).
23
Let g(n) = -2*n**2 - 3*n + 1. Let t(m) = -3*m**2 - 12*m + 10. Let b(d) = 2*g(d) - t(d). What is b(5)?
-3
Let l be (3/(-6))/((-3)/48). Suppose l*m - 63 = -15. Let c(d) = d. Calculate c(m).
6
Let j(h) = -2*h + 16. Let q(s) = s**2 - 11*s + 41. Let o be q(6). Determine j(o).
-6
Let s = 21 + -15. Let t(o) = s + 9*o + o**2 - 2 + 2. Give t(-7).
-8
Let f(o) = o**2 + 8*o + 3. Let t be ((-3 - -3)/(-1))/1. Suppose t = 2*l + 3 + 7. Calculate f(l).
-12
Let m(d) = 3*d + 28. Let j be m(-9). Suppose 13 = 6*p + j. Suppose 2*o = p + 4. Let k(z) = z**3 - z**2 - 3*z - 1. What is k(o)?
8
Let z(j) = -j**2 + j - 11. Let b(w) = w**2 - 2*w + 12. Let d(k) = 6*b(k) + 7*z(k). Let y = 25 + -29. What is d(y)?
-1
Suppose 2*h - z = h + 72, 4*h - 270 = -5*z. Suppose 6*g = g + 3*a + h, -3*g - 3*a + 42 = 0. Suppose -2 = -4*i - g. Let v(l) = 2*l**2 + 2*l - 3. What is v(i)?
9
Suppose 3*m + 5*w = 68 - 19, -23 = -m - 3*w. Let s(g) = g - 10. Let j(n) = -4*n + 38. Let y(c) = 6*j(c) + 22*s(c). What is y(m)?
-8
Let j(n) be the first derivative of 5*n**2/2 + 5*n - 4. Suppose -v + 4*t = -16, 21 = 5*v + 5*t - 9. Let y = v - 12. What is j(y)?
-15
Let b(v) = 15*v - 313. Let u be b(21). Let t(r) = 8*r**2 - 2*r + 4. Calculate t(u).
32
Let y(k) = -2*k + 2*k + 2*k - 3 - 4*k. Let l be y(-3). Let w(z) = -3*z**2 - 5*z - 5*z**2 + 12*z**2 - 3*z**2. Determine w(l).
-6
Suppose 4*r - 19 = 13. Let g = r - 4. Let m(z) = -2*z**2 + 2*z**2 - 4*z - 1 + 2*z**2 - z**2. Give m(g).
-1
Let m(p) = -31*p**3 + p. Let x = -1291 + 1290. What is m(x)?
30
Let v(s) = -3*s**2 + 17*s + 16. Let m(l) = 4*l**2 - 19*l - 18. Let k(w) = 4*m(w) + 5*v(w). Determine k(-4).
-12
Let u = 4 + -2. Let t(n) = n - 4. Let g(l) = 3. Let d(w) = g(w) + t(w). Determine d(u).
1
Let d(g) = 1. Suppose 9 = -5*s - o, -s + 2*o = 6 - 2. Let y(t) = 2*t + 5. Let b(w) = s*y(w) + 10*d(w). What is b(-4)?
16
Let b be ((-52)/(-130))/((6/(-5))/(-3)). Let r(j) = 10*j**2 - 3. Let h(d) = -11*d**2 + d + 4. Let f(g) = -2*h(g) - 3*r(g). Give f(b).
-9
Let g(l) = 2*l + 3 + 10*l**2 + 2*l - 13*l**2 + 2*l**2. Determi